{"id":9,"date":"2017-03-27T20:42:59","date_gmt":"2017-03-27T18:42:59","guid":{"rendered":"http:\/\/duchenettroyes.fr\/?page_id=9"},"modified":"2024-09-17T16:08:40","modified_gmt":"2024-09-17T14:08:40","slug":"contact","status":"publish","type":"page","link":"https:\/\/duchenettroyes.fr\/index.php\/contact\/","title":{"rendered":"R\u00e9servez"},"content":{"rendered":"<p>Contactez nous :<\/p>\n<p>Thierry : 06 83 10 90 66<\/p>\n<p>Genevi\u00e8ve : 06 36 62 06 44<\/p>\n<p>m\u00e9l : <a href=\"mailto:tduchene57@gmail.com\">tduchene57@gmail.com<\/a> et <a href=\"mailto:groussontroyes@mac.com\">groussontroyes@mac.com<\/a><\/p>\n<p><a href=\"https:\/\/duchenettroyes.fr\/index.php\/2017\/11\/09\/planning-des-disponibilites\/\">V\u00e9rifier la disponibilit\u00e9<\/a><\/p>\n<p>[instagram-feed]<\/p>\n","protected":false},"excerpt":{"rendered":"<p>Contactez nous : Thierry : 06 83 10 90 66 Genevi\u00e8ve : 06 36 62 06 44 m\u00e9l : tduchene57@gmail.com et groussontroyes@mac.com V\u00e9rifier la disponibilit\u00e9 [instagram-feed]<\/p>\n","protected":false},"author":1,"featured_media":34,"parent":0,"menu_order":0,"comment_status":"closed","ping_status":"closed","template":"","meta":{"footnotes":""},"class_list":["post-9","page","type-page","status-publish","has-post-thumbnail","hentry"],"_links":{"self":[{"href":"https:\/\/duchenettroyes.fr\/index.php\/wp-json\/wp\/v2\/pages\/9","targetHints":{"allow":["GET"]}}],"collection":[{"href":"https:\/\/duchenettroyes.fr\/index.php\/wp-json\/wp\/v2\/pages"}],"about":[{"href":"https:\/\/duchenettroyes.fr\/index.php\/wp-json\/wp\/v2\/types\/page"}],"author":[{"embeddable":true,"href":"https:\/\/duchenettroyes.fr\/index.php\/wp-json\/wp\/v2\/users\/1"}],"replies":[{"embeddable":true,"href":"https:\/\/duchenettroyes.fr\/index.php\/wp-json\/wp\/v2\/comments?post=9"}],"version-history":[{"count":8,"href":"https:\/\/duchenettroyes.fr\/index.php\/wp-json\/wp\/v2\/pages\/9\/revisions"}],"predecessor-version":[{"id":596,"href":"https:\/\/duchenettroyes.fr\/index.php\/wp-json\/wp\/v2\/pages\/9\/revisions\/596"}],"wp:featuredmedia":[{"embeddable":true,"href":"https:\/\/duchenettroyes.fr\/index.php\/wp-json\/wp\/v2\/media\/34"}],"wp:attachment":[{"href":"https:\/\/duchenettroyes.fr\/index.php\/wp-json\/wp\/v2\/media?parent=9"}],"curies":[{"name":"wp","href":"https:\/\/api.w.org\/{rel}","templated":true}]}}